o + 48. Let t(w) = -7*w + 2. What is the remainder when t(-4) is divided by g?
8
Let j = 13 + 5. Calculate the remainder when 52 is divided by j.
16
Let w = -94 - -130. Calculate the remainder when w is divided by 21.
15
Let s(h) = -9*h - 3. Suppose 25*w = 55*w - 870. Calculate the remainder when w is divided by s(-2).
14
Let c = 18 + -4. What is the remainder when 52 is divided by c?
10
Let i(h) = 10*h**2 + 9 + 3 + 4*h + h**3 - 3*h. Let l be i(-10). Let u = 1 + l. What is the remainder when 4 is divided by u?
1
Let v = 2 + 10. Calculate the remainder when 33 is divided by v.
9
Suppose 0 = -5*u + 25, -s + 5*u - 9 = -65. Calculate the remainder when s is divided by 21.
18
Suppose 4*g - 7 = 9. Calculate the remainder when (0 - -1)*(g - -45) is divided by 10.
9
Let r(c) = 12*c - 27. What is the remainder when r(5) is divided by 12?
9
Let m be (-3)/(-2) - 29/2. What is the remainder when 38 is divided by (m/4)/((-5)/20)?
12
Let u(k) = 4*k - 1. Let o be u(1). Suppose -3*t + 2*a = t, 12 = o*a. What is the remainder when 10 is divided by 3/t*(2 + 2)?
4
What is the remainder when 34 is divided by (1 - 3/6)*(10 - 0)?
4
Let f = 47 - -2. Suppose 4*x = 4*o - 13 + f, 4*x = -3*o + 50. Calculate the remainder when 32 is divided by x.
10
Suppose 678 = 4*n + 2*n. Calculate the remainder when n is divided by 29.
26
Let d = -26 + -93. Let b = 169 + d. Calculate the remainder when b is divided by 26.
24
Suppose 0*k = 2*k - 3*c - 43, -3*c = 2*k - 25. What is the remainder when k is divided by 10?
7
Let b(u) = -2*u - 9. Let k be b(-7). Suppose k*c - 45 = 35. What is the remainder when 29 is divided by c?
13
Suppose -18*j + 361 + 89 = 0. Calculate the remainder when 54 is divided by j.
4
Suppose 4*a = -4*m + 172, -3*m - 207 = 4*a - 8*a. Let t be a/(-40)*15/(-2). Calculate the remainder when 42 is divided by (-6)/t - (-136)/6.
20
Suppose -4*v + 2*t = 6*t - 8, 0 = -5*v + 4*t + 37. Suppose 0 = o + o + 4. Let x = 0 - o. Calculate the remainder when v is divided by x.
1
Calculate the remainder when -16 + 52 + (-1)/(1/(-4)) is divided by 14.
12
Let a be 0 + 0 - (-1 + 3). Let s be (-10)/(-6)*(-6)/a. Let h = 0 + s. What is the remainder when h is divided by 2?
1
Let s be (-1)/(-4) + 70/8. Let c be 10/3 + 6/s. Suppose -4*t + 5*z = -35 - 34, 3*t - 53 = c*z. Calculate the remainder when t is divided by 6.
5
Suppose k = 6 + 89. Calculate the remainder when k is divided by 32.
31
Suppose g - 18 = 3*p + 2*p, -g - p + 48 = 0. Suppose 61 - 16 = 3*i. Calculate the remainder when g is divided by i.
13
Let j = -42 + 62. Suppose 0 = -2*p + 205 - 191. What is the remainder when j is divided by p?
6
What is the remainder when 8 - 13 - (-113 + -2) is divided by 19?
15
Calculate the remainder when (48 + -47)/(((-2)/(-1))/268) is divided by 27.
26
Let l = 42 - 29. Suppose 5*b - 9 = -2*o, 25 = 4*o - 0*o + 3*b. Suppose -4*d - 3 = -o*d, 5*d = y. Calculate the remainder when l is divided by y.
3
Suppose 5*b - 1 = 34. Suppose -4*a = -b*a + 57. What is the remainder when a is divided by 5?
4
Let o(z) = -z - 7. Let t be o(-7). What is the remainder when 41 is divided by 7*1*(t + 3)?
20
Let f = -1 + -4. Let n = -84 + 142. Let l = f + n. What is the remainder when l is divided by 18?
17
Let o(m) = -5*m + 19. What is the remainder when 218 is divided by o(-5)?
42
Suppose 4*k - 5 - 51 = 0. Suppose k = m - 5. Calculate the remainder when m is divided by 11.
8
Let a(g) = -g**2 - 8*g + 14. Suppose k - 2 = -0*k. Suppose -k*y + 48 = -0*b + 2*b, -4*y = -4*b + 112. What is the remainder when b is divided by a(-8)?
12
Let b(h) = -14*h + 4. Calculate the remainder when 84 is divided by b(-1).
12
Let m(q) = 9*q - 1. Calculate the remainder when m(2) is divided by (-7 + 5 - 3/(-9))*-6.
7
Suppose 9*n - 62 = 7*n. Let s(h) = 5*h**2 - h - 4. Let f be s(3). Suppose 4*k + 3*c - 50 = 0, c = -4*k + 4*c + f. What is the remainder when n is divided by k?
9
Let g be 2/10 + 282/15. Suppose 35 = -z + 3*z + w, -w + g = z. What is the remainder when z is divided by 2*-3*(-3 - -2)?
4
Suppose 222 = 27*a - 21*a. Calculate the remainder when 143 is divided by a.
32
Suppose 3*h = 51 + 90. Let f be (-2)/(1 - 3) - -3. Suppose f*y - 37 = 27. Calculate the remainder when h is divided by y.
15
Let j be 4/(2 - -2) - 2. What is the remainder when 105 is divided by 2 - (-26 + (-1)/j)?
24
Suppose -5*o + 2*o = -39. What is the remainder when 49 is divided by o?
10
Suppose 6*w - w - 19 = -2*n, 4*w - 5*n - 35 = 0. Let g = -3 + w. Suppose -53 = -g*b + 5. What is the remainder when b is divided by 15?
14
Suppose -5*b + 6 = f - 62, 4*f - 77 = -5*b. Let k = b + -1. What is the remainder when (17/3)/((-2)/(-12)) is divided by k?
10
Let n(v) = -v + 59. Let p(y) = -y**2 + 7*y - 6. Let o be p(6). Calculate the remainder when n(o) is divided by 15.
14
Let d = 3 - -2. Suppose -5*a - 4*t = 20 + d, -4*a = -5*t - 21. What is the remainder when (12/14)/(a/(-7)) is divided by 4?
2
Let s = 134 - 85. Let l(w) = -5*w + 2. What is the remainder when s is divided by l(-3)?
15
Suppose n + 2*y - 7 = 3*y, 5*n = -2*y + 21. Suppose 0 = 3*q - n*q + 30. Suppose 44 - 103 = -d. What is the remainder when d is divided by q?
14
Suppose -2*i = -7*i - 35. Let w = i - -12. Suppose 3*p = -3*b + 30, -b - 17 = -2*p - 0*p. Calculate the remainder when p is divided by w.
4
Let t = 177 + -114. What is the remainder when t is divided by 8?
7
Suppose -2*i = -o - 0*o - 10, -3*i + 5*o = -22. Suppose -i*l + 0*k + 67 = -k, 3 = 3*k. Let h = 89 - 80. What is the remainder when l is divided by h?
8
Suppose 0 = -5*y + 2*y. Let u = y - -2. Suppose -29 = -u*z + 3. What is the remainder when z is divided by 9?
7
Suppose 0 = 4*j - 4*f - 44, -j + 2*f + 18 = 2. What is the remainder when 48 - 3/(9/j) is divided by 16?
14
Suppose 4*d - 104 = 2*d. Let o = 17 - -1. Calculate the remainder when d is divided by o.
16
Let z(f) = 18*f**2 + 1. Let r(y) = -y**2 - y + 1. Let g be r(1). Calculate the remainder when z(g) is divided by 147/14 - 2/4.
9
Let l = 6 - 1. What is the remainder when l is divided by 2?
1
Suppose -3*f - 46 = 8. Let u = 34 + f. What is the remainder when (-99)/66 + (0 - (-93)/2) is divided by u?
13
Let u(j) be the second derivative of -5*j**3/3 + j**2 + 3*j. What is the remainder when u(-2) is divided by 8?
6
Suppose -2*q - 2*i = 3*i - 21, i + 6 = 3*q. Suppose 0 = -5*j + 4*j + q. What is the remainder when 8 is divided by j?
2
Suppose 115 = 4*q - 5*b, -b + 4 = 3*b. What is the remainder when q is divided by 22?
8
Let q(w) = w**3 - 2*w**2 - w - 4. Let m be 17/5 - (-2)/(-5). Let b = -9 - -11. Calculate the remainder when q(m) is divided by b.
0
Suppose 0 = -4*m + 108 + 72. What is the remainder when m is divided by 16?
13
Let x(i) = -i**2 + 8*i - 7. What is the remainder when 12 is divided by x(6)?
2
Let o = -46 + 80. What is the remainder when o is divided by 9?
7
Suppose 2*r + r = 0. Suppose d - 9 + 6 = r. Calculate the remainder when 9 is divided by d.
0
Suppose -2*t + 18 = 4. Calculate the remainder when 33 is divided by t.
5
Suppose -9*f + 50 = -148. What is the remainder when f is divided by 9?
4
Let q(u) = -u - 3 + 0*u + u**2 + 2*u. Suppose 0 = -2*p - 2*g + 8, 4*p + g + 2 = 18. What is the remainder when q(p) is divided by 9?
8
Suppose 4*a - 4 = 2*a. Suppose -15 = -5*s - 0. Suppose -5 = -s*b + q, q + 0 = 2*b - 4. Calculate the remainder when a is divided by b.
0
Suppose u = -4*w - 6, 21 = 3*u - 0*w - w. Calculate the remainder when 13 is divided by u.
1
Let s be (-2)/1 + (10 - -3). Suppose 2*b + 2 - 6 = 0. What is the remainder when s/(-55) - 21/(-5) is divided by b?
0
Suppose 0 = -2*h + 1 + 3. Let z = h - -14. What is the remainder when 30 is divided by z?
14
Suppose 0 = 5*y + 2*l - 6*l - 209, 3*y = -5*l + 118. Calculate the remainder when y is divided by 18.
5
Suppose 0 = -3*q + 15 + 21. Suppose 5*j + 3*p - 7*p = 171, -2*j - 2*p + 72 = 0. Calculate the remainder when j is divided by q.
11
Let m(x) = x**2 + x + 2. Let n be m(-2). Suppose -n*o + 3*o + 111 = 0. Calculate the remainder when o is divided by 28.
27
Let h(x) = x**3 + 13*x**2 - 12*x + 34. Calculate the remainder when 27 is divided by h(-14).
3
Suppose 0*t - 3*t + 4*n + 84 = 0, 3*t + 4*n = 108. What is the remainder when 126 is divided by t?
30
Suppose -7 - 5 = -2*f. Suppose -1 = 2*g - 5. What is the remainder when ((